t h(t) = 2*t**3 - 113*t**2 - 175*t + 160. Calculate h(58).
102
Let r(l) = 8*l**2 + 108*l - 91. Calculate r(-15).
89
Let u(j) = -10*j - 528. Give u(-49).
-38
Let y(w) = 1414*w - 160. Determine y(1).
1254
Let y(p) = -35*p - 1847. Calculate y(-71).
638
Let u(m) = m**3 - 13*m**2 - 90*m + 738. Determine u(16).
66
Let x(t) = 13*t - 646. What is x(48)?
-22
Let w(b) = 145*b - 1410. What is w(10)?
40
Let u(x) = -37*x + 362. Calculate u(9).
29
Let h(g) = g**3 + 216*g**2 + 1668*g + 776. Determine h(-208).
-56
Let b(z) = z**2 + 7326*z + 4. Give b(0).
4
Let g(w) = w**3 + 53*w**2 + 205*w + 39. Calculate g(-49).
-402
Let z(u) = u**3 - 8*u**2 + 6*u + 27. What is z(8)?
75
Let o(g) = g**3 - 3*g**2 - 81*g - 233. Calculate o(-4).
-21
Let n(x) = -x**3 + 2*x**2 + 22*x + 10. What is n(6)?
-2
Let l(n) = -2*n - 50. Give l(-12).
-26
Let i(v) = -32*v**3 + 5*v**2 - 3. Determine i(-1).
34
Let v(x) = 56*x + 1111. Calculate v(-37).
-961
Let v(l) = l**2 + 16*l - 313. Give v(-28).
23
Let s(d) = -d**2 + 75*d - 1351. What is s(24)?
-127
Let j(a) = 18*a**3 - 195*a**2 - 31*a - 4. Calculate j(11).
18
Let c(u) = u**3 + 9*u**2 + 5*u + 29. Give c(-7).
92
Let b(t) = -12*t + 919. What is b(75)?
19
Let s(v) = -4*v**3 + 16*v**2 + 76*v + 21. What is s(7)?
-35
Let q(f) = -354*f + 1386. Calculate q(4).
-30
Let a(m) = 354*m + 3233. Determine a(-9).
47
Let x(i) = -i**2 + 199*i + 2087. Determine x(-10).
-3
Let v(i) = 2*i**3 - 58*i**2 - 47*i - 387. What is v(30)?
3
Let g(y) = -305*y - 22. What is g(-1)?
283
Let a(t) = 27*t - 51. Calculate a(2).
3
Let t(z) = 39*z - 1241. Calculate t(33).
46
Let u(d) = -d**2 - 42*d + 2331. Calculate u(32).
-37
Let t(j) = -6*j**3 + 110*j**2 - 26*j - 173. Determine t(18).
7
Let t(s) = 7*s - 131. Determine t(30).
79
Let b(r) = 474*r + 12340. Give b(-26).
16
Let q(b) = 43*b**2 - 1332*b - 41. Determine q(31).
-10
Let a(n) = -10*n**2 + 8*n - 34. Give a(-9).
-916
Let v(m) = -8*m**2 + 345*m - 344. What is v(1)?
-7
Let j(x) = -25*x + 225. Determine j(7).
50
Let l(i) = 30*i**2 - 2609*i - 180. Calculate l(87).
-93
Let z(r) = 7*r**2 + 30*r - 320. Give z(5).
5
Let h(d) = -124*d - 243. Give h(-2).
5
Let f(n) = n**2 - 57*n + 360. Determine f(11).
-146
Let n(x) = -4*x**3 - 18*x**2 - x - 2. What is n(-4)?
-30
Let a(z) = 133*z + 1260. Give a(-9).
63
Let d(z) = z**3 + 44*z**2 + 135*z + 3959. Calculate d(-43).
3
Let p(m) = m**3 - 10*m**2 - 93*m - 88. What is p(-1)?
-6
Let o(r) = 2*r**2 - 286*r + 4063. Determine o(16).
-1
Let h(o) = o**3 + 13*o**2 + 25*o + 3. Determine h(-7).
122
Let r(s) = -18*s**3 + 3*s**2 + 17*s + 14. Calculate r(-1).
18
Let h(c) = 65*c - 4824. Calculate h(74).
-14
Let f(z) = 390*z - 5. Calculate f(0).
-5
Let w(u) = 226*u**2 - 3167*u + 47. Calculate w(14).
5
Let i(f) = -f**3 - 6*f**2 - 106*f - 629. Determine i(-6).
7
Let h(i) = 12*i**3 - 4*i**2 + 11*i. Determine h(2).
102
Let y(h) = -19*h**2 + 98*h + 1. What is y(4)?
89
Let c(j) = -18*j + 97. Give c(11).
-101
Let i(t) = 269*t**2 + 2158*t + 49. Calculate i(-8).
1
Let f(d) = -42*d - 1297. Give f(-31).
5
Let s(v) = 70*v - 32. Give s(-6).
-452
Let y(i) = -44*i + 2343. Calculate y(53).
11
Let o(d) = 22*d**2 + 281*d - 64. What is o(-13)?
1
Let r(o) = -89*o + 612. What is r(7)?
-11
Let v(a) = 3*a**2 - 70*a + 188. Determine v(20).
-12
Let m(r) = -r**3 - 13*r**2 + 85*r - 14. Determine m(5).
-39
Let j(i) = -8*i**2 - 184*i - 185. Determine j(-1).
-9
Let k(c) = -99*c - 1608. Give k(-15).
-123
Let l(p) = -78*p**2 + p + 1. Calculate l(1).
-76
Let x(w) = 4*w**2 + 28*w - 43. Calculate x(-6).
-67
Let m(h) = 1986*h - 1980. Calculate m(1).
6
Let o(h) = 5*h**2 - 22*h - 112. Determine o(7).
-21
Let o(z) = z**2 + 25*z - 7841. What is o(77)?
13
Let r(n) = -2*n**2 + 195*n - 387. What is r(2)?
-5
Let g(s) = 41*s - 935. What is g(24)?
49
Let w(n) = n**2 - 22*n + 144. Determine w(21).
123
Let o(x) = -44*x + 211. Give o(5).
-9
Let v(t) = -t**3 - 140*t**2 + 1187*t + 440. Give v(-148).
-4
Let i(k) = k**3 + 87*k**2 - 268*k + 153. What is i(-90)?
-27
Let p(d) = -d**3 + 10*d**2 + 8*d - 70. Determine p(11).
-103
Let q(v) = -9023*v - 261664. What is q(-29)?
3
Let u(z) = -z**3 + 20*z**2 - 11*z - 59. Determine u(18).
391
Let m(w) = 2*w**2 + 5*w + 108. Calculate m(-10).
258
Let h(p) = -2*p**3 - 69*p**2 - 34*p - 23. What is h(-34)?
-23
Let a(m) = -6*m**2 - 536*m - 1226. Give a(-87).
-8
Let t(k) = -23*k**2 - 2*k + 2. What is t(4)?
-374
Let n(z) = 21*z**3 + 4*z**2 - 12*z - 29. Give n(-2).
-157
Let g(b) = -b**2 - 49*b - 442. Give g(-12).
2
Let v(o) = 364*o + 2175. Calculate v(-6).
-9
Let t(i) = -i**3 - 10*i**2 + 199*i + 1985. What is t(-10)?
-5
Let j(v) = -v**2 - 322*v + 30. Determine j(0).
30
Let i(f) = -24*f + 391. Determine i(22).
-137
Let n(f) = -3*f**3 - 38*f**2 - 26*f - 436. Give n(-13).
71
Let b(d) = -53*d - 13307. Give b(-251).
-4
Let f(m) = 83*m + 2072. Determine f(-25).
-3
Let t(g) = -g**2 + 13*g - 28. What is t(8)?
12
Let w(b) = -23*b - 390. Give w(-13).
-91
Let g(b) = b**3 + 7*b**2 + 29*b + 212. Calculate g(-7).
9
Let f(s) = -6*s + 82. Calculate f(14).
-2
Let z(x) = 2*x**3 - 27*x**2 + 54. Calculate z(13).
-115
Let t(r) = -r**3 + 31*r**2 + 30*r + 96. Determine t(32).
32
Let a(o) = 15*o**3 + 5*o**2 - 18*o - 44. What is a(-2)?
-108
Let r(g) = -17*g**2 + 533*g + 7. Give r(31).
193
Let h(s) = -7*s**2 - 12*s + 113. Calculate h(-5).
-2
Let j(t) = -t**2 - 55*t - 272. Give j(-8).
104
Let s(o) = -1701*o + 8500. What is s(5)?
-5
Let q(l) = -3*l**3 + 342*l**2 - l + 118. Determine q(114).
4
Let v(q) = 13*q**2 - 114*q + 51. Calculate v(8).
-29
Let p(q) = -99*q - 147. Determine p(-2).
51
Let v(p) = -105*p**2 - 2941*p - 31. What is v(-28)?
-3
Let c(o) = o**2 + 19*o + 253. Give c(10).
543
Let f(l) = l**3 - 6*l**2 - 7*l + 39. Give f(4).
-21
Let a(k) = 282*k - 144. Calculate a(0).
-144
Let p(v) = -193*v - 57. Calculate p(-1).
136
Let g(j) = j**3 - 35*j**2 - 140*j + 2556. Calculate g(37).
114
Let s(b) = -322*b - 5470. Determine s(-17).
4
Let y(k) = -27*k + 821. What is y(43)?
-340
Let j(a) = -1833*a + 23817. What is j(13)?
-12
Let f(b) = b**3 - 50*b**2 - 3*b + 114. Calculate f(50).
-36
Let k(d) = -7*d**2 + 732*d + 1063. Give k(106).
3
Let f(g) = -14*g**2 + 17*g + 20. Calculate f(-2).
-70
Let g(m) = -16*m - 72. What is g(-7)?
40
Let l(x) = x**3 - 8*x**2 - 8*x + 5. What is l(9)?
14
Let c(y) = 991*y + 26750. Determine c(-27).
-7
Let b(t) = -136*t + 15912. Give b(117).
0
Let v(z) = -z**3 - 13*z**2 + 14*z + 6. What is v(-14)?
6
Let r(p) = -p**3 + 17*p**2 + 39*p - 5. What is r(7)?
758
Let o(p) = p**3 + 24*p**2 - 18*p + 138. What is o(-25)?
-37
Let l(p) = 11*p**2 + 4*p - 2. Give l(-4).
158
Let q(j) = 6*j**3 + 76*j**2 - 4*j - 40. Determine q(-13).
-326
Let r(u) = 2*u**3 + 21*u**2 + 11*u - 46. Calculate r(-10).
-56
Let n(s) = -39*s - 2. Give n(-1).
37
Let o(j) = -4156*j - 8310. Determine o(-2).
2
Let l(b) = -27*b**2 + 5*b + 1. Give l(4).
-411
Let t(r) = -r**2 + 27*r + 20. What is t(33)?
-178
Let v(g) = -28*g + 451. What is v(9)?
199
Let r(y) = 2*y**2 - 46*y + 39. Calculate r(25).
139
Let w(z) = -3*z**2 - 239*z - 1263. Give w(-6).
63
Let z(s) = 33*s + 249. Give z(-19).
-378
Let c(m) = -135*m + 2553. Calculate c(21).
-282
Let d(l) = l**3 + 3*l**2 + 181*l + 959. Calculate d(-5).
4
Let o(m) = -3*m**2 + 404*m - 5594. What is o(119)?
-1
Let y(m) = -6945*m + 6962. What is y(1)?
17
Let w(r) = 28*r - 381. Give w(14).
11
Let j(s) = 2*s**2 - 210*s + 3135. What is j(18)?
3
Let p(k) = -20*k**2 - 6*k - 46. Calculate p(-5).
-516
Let u(d) = -d**3 - 19*d**2 + 7*d - 220. What is u(-20)?
40
Let b(w) = 4*w**2 + 50*w - 1188. What is b(12)?
-12
Let u(m) = -109*m - 729. Determine u(-7).
34
Let r(m) = -12300*m + 86097. Calculate r(7).
-3
Let c(a) = -a**2 - 27*a - 162. Give c(-29).
-220
Let i(v) = -v**3 + 31*v**2 - 5*v + 180. Give i(31).
25
Let s(f) = -2*f**3 + 5*f**2 + 21*f - 36. Determine s(4).
0
Let d(k) = -4*k**2 - 52*k - 319. Give d(-6).
-151
Let g(m) = -m**3 + 22*m**2 - 21*m + 87. Calculate g(21).
87
Let u(c) = -1258*c + 2558. Calculate u(2).
42
Let c(y) = -2232*y + 102669. Give c(46).
-3
Let q(j) = 2*j + 161. Determine q(6).
173
Let i(l) = -33809*l - 135243. Give i(-4).
-7
Let b(y) = y**3 + 16*y**2 - 101*y - 701. Calculate b(-19).
135
Let f(d) = 1000*d + 8898. Give f(-9).
-102
Let v(z) = 391*z + 1951. Calculate v(-5).
-4
Let n(w) = -5*w**2 + 4*w - 21. Calculate n(5).
-126
Let n(o) = 2